pose -3*b + 2 + 64 = 0. Calculate the remainder when f(133) is divided by b.
17
Let x = -164 + 361. What is the remainder when x is divided by 143?
54
Let f(t) be the third derivative of t**5/60 - 5*t**4/4 + 14*t**3/3 + 5*t**2 - 5*t. Calculate the remainder when 105 is divided by f(30).
21
Let x(l) = 3*l + 109. Let j be x(10). Suppose 12*k - j - 5 = 0. Suppose -96 = -0*u - 3*u. Calculate the remainder when u is divided by k.
8
Let w = -345 - -365. Let r(i) = -i**3 - i**2. What is the remainder when w is divided by r(-2)?
0
Let y(i) = 4*i**2 - 18*i - 104. What is the remainder when 1077 is divided by y(-4)?
21
Suppose g - 6 = 3*l - 0*l, 2*l + 4 = -5*g. Suppose 648 = 4*z - 2*t, g = z + 3*z + 2*t - 648. Let j = -87 + z. Calculate the remainder when j is divided by 39.
36
Let j = -7748 + 17445. Calculate the remainder when j is divided by 61.
59
Let y(o) = 2*o + 1. Let m(k) = -4*k - 3. Let x(d) = 4*m(d) + 10*y(d). Let z = 2594 - 2590. Calculate the remainder when x(2) is divided by z.
2
Let m = -1909 + 1279. Let g = m + 650. Suppose -9 = -0*t - t. What is the remainder when g is divided by t?
2
Let l = 15050 - 12233. What is the remainder when l is divided by 91?
87
Let j(f) = 8*f + 6. Let q be j(0). Suppose 5*k - q = 2*k. Suppose -4*b + k*b = -204. Calculate the remainder when b is divided by 26.
24
Let m = 2849 - 2835. What is the remainder when 32 is divided by m?
4
Let g(h) = -15*h**2 + 187*h - 16. Calculate the remainder when 388 is divided by g(12).
48
Suppose 3*q = q + 224. Let h(w) = 3*w + 50. Let t be h(-23). Let v = t + 57. Calculate the remainder when q is divided by v.
36
What is the remainder when (574/410)/((-2)/(-20)) is divided by 8?
6
Calculate the remainder when 189 is divided by (-40)/32 + 2 - (-7)/((-140)/(-585)).
9
Suppose -4*b + 0 = 4. Suppose 0 = -50*w + 2219 + 681. What is the remainder when b + 0 + -1 - -290 is divided by w?
56
Let f = 42 + 30. Let a = -2567 - -2630. Calculate the remainder when a is divided by -4 - (f/(-4) - -3).
8
Suppose -12*j = -8*j - 16. Let q(p) = 19*p - 15. Let m be q(j). Suppose m = w + 25. What is the remainder when w is divided by 19?
17
Calculate the remainder when 206 is divided by 417/(-7)*-2 - (-8)/(-56).
87
Let u = 27 - 4. Let i(q) = -2*q**3 - 69*q**2 + 18*q - 551. What is the remainder when i(-35) is divided by u?
21
Let n(x) = -42*x + 8. Let f be n(-12). Suppose -17*o + 13*o = f. Let j = o + 203. Calculate the remainder when j is divided by 19.
18
Let i be 21 + ((-16)/4 - (0 - -1)). Suppose 8*o + 32 = i*o. Suppose -l = -2*d + 13, 4*d = -3*l - 0*l + 1. What is the remainder when d is divided by o?
0
Let t(w) = -1. Let c(x) = 24*x - 6. Let f(a) = c(a) + 3*t(a). What is the remainder when -17*(-9 - (3 - 6)) is divided by f(1)?
12
Suppose 0 = b - 2*o - 50, 2*b + 0*o = o + 94. Let v(p) = -p**3 - 118*p**2 - 3470*p + 140. Calculate the remainder when b is divided by v(-62).
14
Calculate the remainder when (-244)/(19 - (-1617)/(-84)) is divided by 274.
154
Suppose 7*j = 11*j - 72. What is the remainder when (16/(-5) + 3)*-265 is divided by j?
17
Let a(v) = 91*v**3 - 2*v + 1. Let t be a(1). Let z = 150 - t. Calculate the remainder when z is divided by 5.
0
Suppose -7*r = 35 - 147. Suppose -19*s + 4*m = -r*s - 163, 3*s + 2*m - 139 = 0. Calculate the remainder when s is divided by 11.
5
Let b = 721 + -717. Suppose 11*c - 113 = -3*k + 6*c, b*c - 109 = -3*k. What is the remainder when 60 is divided by k?
29
Let b = -6042 + 6122. Calculate the remainder when 2073 is divided by b.
73
Let k = -100 + 106. What is the remainder when (k/(-9))/(6/(-2691)) is divided by 43?
41
Let m be -6 - 2496/4 - 8. Let z = -534 - m. Calculate the remainder when z is divided by 35.
34
Suppose 7*i - 3*i - 16 = 0. Suppose 0 = 2*v + 5*o + 31 - 538, i*v + o = 1005. Calculate the remainder when v is divided by 51.
47
Suppose 48672 = -2024*s + 2102*s. Calculate the remainder when s is divided by 45.
39
Suppose 339*c = 364*c - 1225. What is the remainder when c is divided by 10?
9
Let z(a) = -74*a - 4526. What is the remainder when z(-69) is divided by 58?
0
Suppose -207 - 837 = -4*b. Let s = -229 + b. What is the remainder when 89 is divided by s?
25
Suppose 3*k + 7 - 4 = 0, -n - 3*k + 263 = 0. What is the remainder when n is divided by 54?
50
Suppose 12*x - 15*x = 3. Let b = 22 + x. Calculate the remainder when 104 is divided by b.
20
Let j(l) = -l**3 - 15*l**2 + 126*l + 8. Suppose 0*g + g - 526 = -3*k, -4*g = -16. What is the remainder when k is divided by j(6)?
6
Let b be ((-104)/(-20) - 4)*80/(-12). What is the remainder when 5 is divided by (7/(-14))/((4/b)/1)?
0
Suppose 5*r - m = 1297, -5*r + 6*m - 10*m = -1287. Calculate the remainder when r is divided by 117.
25
Let z = 288 + -271. Suppose 2*r = 301 + 109. Suppose z*v + 35 - r = 0. What is the remainder when 19 is divided by v?
9
Suppose -4*g - 7*y = -8*y - 1176, 0 = -13*g + 2*y + 3817. Calculate the remainder when g is divided by 49.
48
Let x = -10683 + 11437. Calculate the remainder when x is divided by 108.
106
Suppose -h - 4 = -4*y, 24*y = 4*h + 29*y - 26. Calculate the remainder when 1009 is divided by h.
1
Let x(s) = 5*s - 19. Let q be x(5). Suppose q*k = 3*k + 657. What is the remainder when k is divided by 56?
51
Suppose -s = -2*z - 1487, 38*s - 34*s - 5928 = 3*z. Calculate the remainder when s is divided by 10.
9
Suppose 12996*r - 13034*r + 255 + 581 = 0. Calculate the remainder when 2496 is divided by r.
10
Suppose -86*h - 131*h + 14620 = -314786. What is the remainder when h is divided by 215?
13
Let q = -99 - -168. What is the remainder when q is divided by (1 - 2)*1 - -5*2?
6
Let h(s) = 5*s**3 + 14*s**2 + 4*s + 7. Let y(t) = 4*t**3 + 13*t**2 + 4*t + 6. Let p(c) = -3*h(c) + 4*y(c). Calculate the remainder when p(-4) is divided by 25.
8
Let h be (-3 - 1) + (-45787)/(-31). Suppose -q + 3965 = h. Calculate the remainder when q/(-21)*9/(-12) is divided by 13.
11
Let k(m) = 7*m**2 + 10*m - 11. Let z(g) = g**3 - g. Let x(y) = -k(y) - z(y). Let d be x(-5). What is the remainder when 25 is divided by ((-1)/1)/(d/(-54))?
7
Let m = 158 + -155. Suppose 3*p - 51 = -3*w, m*w - 55 = -3*p + 4*w. What is the remainder when 45 is divided by p?
9
Let m(x) = 3*x + 86*x**2 - 35*x**2 - 1 - x. Calculate the remainder when 207 is divided by m(1).
51
Let n = -13 - -18. Let b(z) = -3*z**2 - 38*z - 20. Let f be b(-8). Suppose 285*y - 281*y = f. What is the remainder when y is divided by n?
3
Let x(n) = 11*n**2 + 17*n + 35. Calculate the remainder when x(-6) is divided by 72.
41
Let d = -38 + 41. Suppose 0 = -4*i + d*s + 104 + 32, 5*i + 4*s = 139. Let u(n) = n**3 - 5*n**2 - 3*n - 11. Calculate the remainder when i is divided by u(6).
3
Let l(v) = -462*v - 1550. What is the remainder when l(-6) is divided by 1185?
37
What is the remainder when (35/((-1575)/(-216)))/((-4)/(-90)) is divided by 43?
22
Let q = -3392 + 3444. What is the remainder when 240 is divided by q?
32
Let p(f) = -3*f**3 - f + 9. Let h(k) = 25*k - 127. Let j be h(5). What is the remainder when 94 is divided by p(j)?
24
Suppose 7*z + 90 = 37*z. Calculate the remainder when 93 is divided by z*(-42)/18 + 36.
6
Suppose -5*y + 40 = 20. Suppose -i = s + y*i - 40, 4*i = -3*s + 76. Calculate the remainder when 31 is divided by s.
11
Let h be 11/((-33)/(-2)) + 12/9. Suppose 4*u - h*r = 618, -6*u = -7*u + 2*r + 147. What is the remainder when u is divided by 23?
19
Suppose -3*s + 147 = -3*o + 102, 21 = s - 4*o. Let q(n) = n**2 - 12*n + 31. Calculate the remainder when 113 is divided by q(s).
25
Suppose 729*u = 343*u + 7334. Calculate the remainder when 10752 is divided by u.
17
Let s(u) = 2*u**2 + 5*u - 15. Let r be s(-6). Suppose 26*l - r*l = -65. Calculate the remainder when l is divided by 34.
31
Let h(z) = 2*z + 29 + 0*z + 2*z - 5*z. What is the remainder when h(8) is divided by 4/10 + 126/10?
8
Let d(c) = -26*c + 33. Let w = 107 - 111. What is the remainder when d(w) is divided by 37?
26
Let p be -2 - (-1 + -3) - -43. Suppose 0 = 2*r - j - 58 - p, -4*r - j + 221 = 0. Let o = -49 + r. Calculate the remainder when 18 is divided by o.
3
Suppose -2*n = -n + a - 81, -3*n + 243 = -2*a. What is the remainder when n is divided by (-3)/((-6)/(-18) + (-37)/84)?
25
Calculate the remainder when -12 - (-514 + 3) - 11 is divided by 3